{"id":732,"date":"2021-06-26T08:23:52","date_gmt":"2021-06-26T06:23:52","guid":{"rendered":"https:\/\/ccn-pale.org\/?page_id=732"},"modified":"2021-06-26T09:12:52","modified_gmt":"2021-06-26T07:12:52","slug":"article-11-preavis","status":"publish","type":"page","link":"https:\/\/ccn-pale.org\/index.php\/ingenieurs-et-cadres\/article-11-preavis\/","title":{"rendered":"Article 11 &#8211; Pr\u00e9avis"},"content":{"rendered":"\n<p>En cas de rupture du contrat de travail, la dur\u00e9e du pr\u00e9avis r\u00e9ciproque, sauf cas de force majeure ou de faute grave, ne pourra \u00eatre inf\u00e9rieure \u00e0 compter du lendemain de la notification par lettre recommand\u00e9e, \u00e0 trois mois.<\/p>\n\n\n\n<p>Dans le cas d&rsquo;inobservation du pr\u00e9avis, la partie qui n&rsquo;observe pas celui-ci doit \u00e0 l&rsquo;autre une indemnit\u00e9 \u00e9gale aux appointements correspondant \u00e0 la dur\u00e9e du pr\u00e9avis restant \u00e0 courir.<\/p>\n\n\n\n<p>Toutefois, si le cadre licenci\u00e9 par son employeur trouve un autre emploi avant l&rsquo;expiration du d\u00e9lai-cong\u00e9 qui lui a \u00e9t\u00e9 notifi\u00e9, il peut quitter son poste sans \u00eatre redevable d&rsquo;aucune indemnit\u00e9.<\/p>\n\n\n\n<p>Les absences pour recherche d&#8217;emploi pendant la p\u00e9riode de pr\u00e9avis sont r\u00e9gl\u00e9es conform\u00e9ment aux dispositions de l&rsquo;article 27 des dispositions g\u00e9n\u00e9rales concernant le personnel pay\u00e9 au mois.<\/p>\n\n\n\n<p>Ces dispositions s\u2019appliquent sans pr\u00e9judice de celles pr\u00e9vues \u00e0 l\u2019article 2 de la pr\u00e9sente annexe et relatives \u00e0 la p\u00e9riode d\u2019essai.<\/p>\n\n\n\n<div class=\"wp-block-buttons is-layout-flex wp-block-buttons-is-layout-flex\">\n<div class=\"wp-block-button is-style-fill\"><a class=\"wp-block-button__link has-background\" href=\"https:\/\/ccn-pale.org\/index.php\/ingenieurs-et-cadres\/article-10-prime-danciennete\/\" style=\"background-color:#037878\">Article pr\u00e9c\u00e9dent<\/a><\/div>\n\n\n\n<div class=\"wp-block-button is-style-outline is-style-outline--1\"><a class=\"wp-block-button__link has-text-color\" href=\"https:\/\/ccn-pale.org\/index.php\/ingenieurs-et-cadres\/article-12-indemnite-de-licenciement-indemnite-de-rupture-conventionnelle-1\/\" style=\"color:#037878\">Article suivant<\/a><\/div>\n<\/div>\n","protected":false},"excerpt":{"rendered":"<p>En cas de rupture du contrat de travail, la dur\u00e9e du pr\u00e9avis r\u00e9ciproque, sauf cas de force majeure ou de faute grave, ne pourra \u00eatre inf\u00e9rieure \u00e0 compter du lendemain de la notification par lettre recommand\u00e9e, \u00e0 trois mois. Dans le cas d&rsquo;inobservation du pr\u00e9avis, &hellip; <\/p>\n","protected":false},"author":1,"featured_media":0,"parent":207,"menu_order":11,"comment_status":"closed","ping_status":"closed","template":"","meta":{"footnotes":""},"class_list":["post-732","page","type-page","status-publish","hentry"],"_links":{"self":[{"href":"https:\/\/ccn-pale.org\/index.php\/wp-json\/wp\/v2\/pages\/732","targetHints":{"allow":["GET"]}}],"collection":[{"href":"https:\/\/ccn-pale.org\/index.php\/wp-json\/wp\/v2\/pages"}],"about":[{"href":"https:\/\/ccn-pale.org\/index.php\/wp-json\/wp\/v2\/types\/page"}],"author":[{"embeddable":true,"href":"https:\/\/ccn-pale.org\/index.php\/wp-json\/wp\/v2\/users\/1"}],"replies":[{"embeddable":true,"href":"https:\/\/ccn-pale.org\/index.php\/wp-json\/wp\/v2\/comments?post=732"}],"version-history":[{"count":2,"href":"https:\/\/ccn-pale.org\/index.php\/wp-json\/wp\/v2\/pages\/732\/revisions"}],"predecessor-version":[{"id":766,"href":"https:\/\/ccn-pale.org\/index.php\/wp-json\/wp\/v2\/pages\/732\/revisions\/766"}],"up":[{"embeddable":true,"href":"https:\/\/ccn-pale.org\/index.php\/wp-json\/wp\/v2\/pages\/207"}],"wp:attachment":[{"href":"https:\/\/ccn-pale.org\/index.php\/wp-json\/wp\/v2\/media?parent=732"}],"curies":[{"name":"wp","href":"https:\/\/api.w.org\/{rel}","templated":true}]}}