{"id":661,"date":"2021-06-25T20:05:39","date_gmt":"2021-06-25T18:05:39","guid":{"rendered":"https:\/\/ccn-pale.org\/?page_id=661"},"modified":"2021-06-26T07:28:20","modified_gmt":"2021-06-26T05:28:20","slug":"article-8-primes-danciennete","status":"publish","type":"page","link":"https:\/\/ccn-pale.org\/index.php\/tam\/article-8-primes-danciennete\/","title":{"rendered":"Article 8 &#8211; Primes d&rsquo;anciennet\u00e9"},"content":{"rendered":"\n<p>Il est attribu\u00e9 aux TAM une prime en fonction de l&rsquo;anciennet\u00e9 continue acquise depuis l&rsquo;entr\u00e9e dans l&rsquo;entreprise. Les absences justifi\u00e9es pr\u00e9vues \u00e0 l&rsquo;article 3 des dispositions g\u00e9n\u00e9rales n&rsquo;affectent pas la continuit\u00e9 de l&rsquo;anciennet\u00e9 dans l&rsquo;entreprise.<\/p>\n\n\n\n<p>Cette prime, ind\u00e9pendante du salaire proprement dit, s&rsquo;ajoute au salaire effectif de l\u2019int\u00e9ress\u00e9.<\/p>\n\n\n\n<p>Pour la part du salaire \u00e9gal au plafond de la s\u00e9curit\u00e9 sociale, cette indemnit\u00e9 est calcul\u00e9e sur ce salaire aux taux respectifs de :<\/p>\n\n\n\n<ul class=\"wp-block-list\"><li>3 p 100 apr\u00e8s trois ans d&rsquo;anciennet\u00e9 ;<\/li><li>6 p 100 apr\u00e8s six ans d&rsquo;anciennet\u00e9 ;<\/li><li>9 p 100 apr\u00e8s neuf ans d&rsquo;anciennet\u00e9 ;<\/li><li>12 p 100 apr\u00e8s douze ans d&rsquo;anciennet\u00e9 ;<\/li><li>15 p 100 apr\u00e8s quinze ans d&rsquo;anciennet\u00e9 et au-dessus.<\/li><\/ul>\n\n\n\n<p>Pour la part sup\u00e9rieure au plafond de la s\u00e9curit\u00e9 sociale, la prime est calcul\u00e9e sur des taux respectivement \u00e9gaux \u00e0 50 p 100 des taux pr\u00e9c\u00e9dents.<\/p>\n\n\n\n<p>Ces dispositions s\u2019appliquent sauf dans les cas r\u00e9sultant de la mise en \u0153uvre des dispositions particuli\u00e8res de l\u2019accord n\u00b048 du 2 d\u00e9cembre 1998.<\/p>\n\n\n\n<div class=\"wp-block-buttons is-layout-flex wp-block-buttons-is-layout-flex\">\n<div class=\"wp-block-button\"><a class=\"wp-block-button__link has-background\" href=\"https:\/\/ccn-pale.org\/index.php\/tam\/article-7-frais-de-deplacement\/\" style=\"background-color:#037878\">Article pr\u00e9c\u00e9dent<\/a><\/div>\n\n\n\n<div class=\"wp-block-button is-style-outline is-style-outline--1\"><a class=\"wp-block-button__link has-text-color\" href=\"https:\/\/ccn-pale.org\/index.php\/tam\/article-9-regime-de-retraite\/\" style=\"color:#037878\">Article suivant<\/a><\/div>\n<\/div>\n","protected":false},"excerpt":{"rendered":"<p>Il est attribu\u00e9 aux TAM une prime en fonction de l&rsquo;anciennet\u00e9 continue acquise depuis l&rsquo;entr\u00e9e dans l&rsquo;entreprise. Les absences justifi\u00e9es pr\u00e9vues \u00e0 l&rsquo;article 3 des dispositions g\u00e9n\u00e9rales n&rsquo;affectent pas la continuit\u00e9 de l&rsquo;anciennet\u00e9 dans l&rsquo;entreprise. Cette prime, ind\u00e9pendante du salaire proprement dit, s&rsquo;ajoute au salaire &hellip; <\/p>\n","protected":false},"author":1,"featured_media":0,"parent":230,"menu_order":8,"comment_status":"closed","ping_status":"closed","template":"","meta":{"footnotes":""},"class_list":["post-661","page","type-page","status-publish","hentry"],"_links":{"self":[{"href":"https:\/\/ccn-pale.org\/index.php\/wp-json\/wp\/v2\/pages\/661","targetHints":{"allow":["GET"]}}],"collection":[{"href":"https:\/\/ccn-pale.org\/index.php\/wp-json\/wp\/v2\/pages"}],"about":[{"href":"https:\/\/ccn-pale.org\/index.php\/wp-json\/wp\/v2\/types\/page"}],"author":[{"embeddable":true,"href":"https:\/\/ccn-pale.org\/index.php\/wp-json\/wp\/v2\/users\/1"}],"replies":[{"embeddable":true,"href":"https:\/\/ccn-pale.org\/index.php\/wp-json\/wp\/v2\/comments?post=661"}],"version-history":[{"count":3,"href":"https:\/\/ccn-pale.org\/index.php\/wp-json\/wp\/v2\/pages\/661\/revisions"}],"predecessor-version":[{"id":707,"href":"https:\/\/ccn-pale.org\/index.php\/wp-json\/wp\/v2\/pages\/661\/revisions\/707"}],"up":[{"embeddable":true,"href":"https:\/\/ccn-pale.org\/index.php\/wp-json\/wp\/v2\/pages\/230"}],"wp:attachment":[{"href":"https:\/\/ccn-pale.org\/index.php\/wp-json\/wp\/v2\/media?parent=661"}],"curies":[{"name":"wp","href":"https:\/\/api.w.org\/{rel}","templated":true}]}}