{"id":657,"date":"2021-06-25T20:01:27","date_gmt":"2021-06-25T18:01:27","guid":{"rendered":"https:\/\/ccn-pale.org\/?page_id=657"},"modified":"2021-06-26T07:27:53","modified_gmt":"2021-06-26T05:27:53","slug":"article-7-frais-de-deplacement","status":"publish","type":"page","link":"https:\/\/ccn-pale.org\/index.php\/tam\/article-7-frais-de-deplacement\/","title":{"rendered":"Article 7 &#8211; Frais de d\u00e9placement"},"content":{"rendered":"\n<p>Les frais de voyage et de s\u00e9jour pour les besoins du service sont \u00e0 la charge de l&#8217;employeur.<\/p>\n\n\n\n<p>Sauf en cas de remboursement sur \u00e9tats, les frais de s\u00e9jour seront fix\u00e9s par accord entre l&#8217;employeur et le TAM.<\/p>\n\n\n\n<p>Dans le cas de d\u00e9placements par air, en accord avec l&#8217;employeur, les risques seront couverts par une police d&rsquo;assurance sp\u00e9cialement souscrite par l&#8217;employeur pour un montant \u00e9gal \u00e0 trois ann\u00e9es du dernier traitement du TAM int\u00e9ress\u00e9.<\/p>\n\n\n\n<div class=\"wp-block-buttons is-layout-flex wp-block-buttons-is-layout-flex\">\n<div class=\"wp-block-button is-style-fill\"><a class=\"wp-block-button__link has-background\" href=\"https:\/\/ccn-pale.org\/index.php\/tam\/article-6-resiliation-du-contrat-de-travail\/\" style=\"background-color:#037878\">Article pr\u00e9c\u00e9dent<\/a><\/div>\n\n\n\n<div class=\"wp-block-button is-style-outline is-style-outline--1\"><a class=\"wp-block-button__link has-text-color\" href=\"https:\/\/ccn-pale.org\/index.php\/tam\/article-8-primes-danciennete\/\" style=\"color:#037878\">Article suivant<\/a><\/div>\n<\/div>\n","protected":false},"excerpt":{"rendered":"<p>Les frais de voyage et de s\u00e9jour pour les besoins du service sont \u00e0 la charge de l&#8217;employeur. Sauf en cas de remboursement sur \u00e9tats, les frais de s\u00e9jour seront fix\u00e9s par accord entre l&#8217;employeur et le TAM. Dans le cas de d\u00e9placements par air, &hellip; <\/p>\n","protected":false},"author":1,"featured_media":0,"parent":230,"menu_order":7,"comment_status":"closed","ping_status":"closed","template":"","meta":{"footnotes":""},"class_list":["post-657","page","type-page","status-publish","hentry"],"_links":{"self":[{"href":"https:\/\/ccn-pale.org\/index.php\/wp-json\/wp\/v2\/pages\/657","targetHints":{"allow":["GET"]}}],"collection":[{"href":"https:\/\/ccn-pale.org\/index.php\/wp-json\/wp\/v2\/pages"}],"about":[{"href":"https:\/\/ccn-pale.org\/index.php\/wp-json\/wp\/v2\/types\/page"}],"author":[{"embeddable":true,"href":"https:\/\/ccn-pale.org\/index.php\/wp-json\/wp\/v2\/users\/1"}],"replies":[{"embeddable":true,"href":"https:\/\/ccn-pale.org\/index.php\/wp-json\/wp\/v2\/comments?post=657"}],"version-history":[{"count":3,"href":"https:\/\/ccn-pale.org\/index.php\/wp-json\/wp\/v2\/pages\/657\/revisions"}],"predecessor-version":[{"id":706,"href":"https:\/\/ccn-pale.org\/index.php\/wp-json\/wp\/v2\/pages\/657\/revisions\/706"}],"up":[{"embeddable":true,"href":"https:\/\/ccn-pale.org\/index.php\/wp-json\/wp\/v2\/pages\/230"}],"wp:attachment":[{"href":"https:\/\/ccn-pale.org\/index.php\/wp-json\/wp\/v2\/media?parent=657"}],"curies":[{"name":"wp","href":"https:\/\/api.w.org\/{rel}","templated":true}]}}