{"id":404,"date":"2021-06-15T11:12:40","date_gmt":"2021-06-15T09:12:40","guid":{"rendered":"https:\/\/ccn-pale.org\/?page_id=404"},"modified":"2021-09-24T12:15:10","modified_gmt":"2021-09-24T10:15:10","slug":"article-33-conges-pour-evenements-familiaux","status":"publish","type":"page","link":"https:\/\/ccn-pale.org\/index.php\/dispositions-generales\/article-33-conges-pour-evenements-familiaux\/","title":{"rendered":"Article 33 &#8211; Cong\u00e9s pour \u00e9v\u00e8nements familiaux"},"content":{"rendered":"\n<p>Des autorisations d\u2019absences r\u00e9mun\u00e9r\u00e9es sont accord\u00e9es dans les conditions suivantes\u00a0[1] :<\/p>\n\n\n\n<figure class=\"wp-block-table\"><table><tbody><tr><td><strong>Jours ouvr\u00e9s<\/strong><\/td><td class=\"has-text-align-center\" data-align=\"center\"><strong>D\u00e8s l\u2019entr\u00e9e dans l\u2019entreprise<\/strong><\/td><td class=\"has-text-align-center\" data-align=\"center\"><strong>Apr\u00e8s 6 mois d\u2019anciennet\u00e9<\/strong><\/td><\/tr><tr><td>Mariage du salari\u00e9 <\/td><td class=\"has-text-align-center\" data-align=\"center\">4 jours <\/td><td class=\"has-text-align-center\" data-align=\"center\">1 semaine<\/td><\/tr><tr><td>Cong\u00e9 de naissance<\/td><td class=\"has-text-align-center\" data-align=\"center\">3 jours<\/td><td class=\"has-text-align-center\" data-align=\"center\">3 jours<\/td><\/tr><tr><td>Mariage d\u2019un enfant<\/td><td class=\"has-text-align-center\" data-align=\"center\">1 jour<\/td><td class=\"has-text-align-center\" data-align=\"center\">1 jour<\/td><\/tr><tr><td>D\u00e9c\u00e8s du conjoint ou d\u2019un enfant<\/td><td class=\"has-text-align-center\" data-align=\"center\">2 jours<\/td><td class=\"has-text-align-center\" data-align=\"center\">3 jours<\/td><\/tr><tr><td>D\u00e9c\u00e8s du p\u00e8re, de la m\u00e8re<\/td><td class=\"has-text-align-center\" data-align=\"center\">1 jour<\/td><td class=\"has-text-align-center\" data-align=\"center\">3 jours<\/td><\/tr><tr><td>D\u00e9c\u00e8s du beau-p\u00e8re ou de la belle-m\u00e8re<\/td><td class=\"has-text-align-center\" data-align=\"center\">1 jour<\/td><td class=\"has-text-align-center\" data-align=\"center\">2 jours<\/td><\/tr><tr><td>D\u00e9c\u00e8s d\u2019un fr\u00e8re ou d\u2019une s\u0153ur<\/td><td class=\"has-text-align-center\" data-align=\"center\">1 jour<\/td><td class=\"has-text-align-center\" data-align=\"center\">1 jour<\/td><\/tr><tr><td>Mariage d\u2019un fr\u00e8re, d\u2019une s\u0153ur, d\u2019un beau-fr\u00e8re, d\u2019une belle-s\u0153ur, d\u2019autres descendants en ligne directe<\/td><td class=\"has-text-align-center\" data-align=\"center\">&#8211;<\/td><td class=\"has-text-align-center\" data-align=\"center\">1 jour<\/td><\/tr><tr><td>D\u00e9c\u00e8s de descendants ou ascendants en ligne directe<\/td><td class=\"has-text-align-center\" data-align=\"center\">&#8211;<\/td><td class=\"has-text-align-center\" data-align=\"center\">1 jour<\/td><\/tr><tr><td>D\u00e9c\u00e8s d\u2019un beau-fr\u00e8re ou d\u2019une belle-s\u0153ur<\/td><td class=\"has-text-align-center\" data-align=\"center\">&#8211;<\/td><td class=\"has-text-align-center\" data-align=\"center\">1 jour<\/td><\/tr><\/tbody><\/table><\/figure>\n\n\n\n<p>L\u2019indemnit\u00e9 vers\u00e9e au b\u00e9n\u00e9ficiaire \u00e0 l\u2019occasion de ces absences sera \u00e9gale, dans le cadre de l\u2019horaire habituel de l\u2019\u00e9tablissement, au salaire normal de l\u2019int\u00e9ress\u00e9 pour le ou les jours ouvrables effectivement compris dans la p\u00e9riode autoris\u00e9e de ce cong\u00e9.<\/p>\n\n\n\n<p>Ces cong\u00e9s doivent \u00eatre pris au moment de la survenance de l\u2019\u00e9v\u00e9nement.<\/p>\n\n\n\n<p>Au cas o\u00f9 l\u2019\u00e9v\u00e9nement ou la c\u00e9r\u00e9monie tombe un jour non ouvr\u00e9, le cong\u00e9 suppl\u00e9mentaire devra \u00eatre pris imm\u00e9diatement avant ou imm\u00e9diatement apr\u00e8s.<\/p>\n\n\n\n<p>En application des dispositions de l\u2019article L. 1225-35 du code du travail, le p\u00e8re salari\u00e9 b\u00e9n\u00e9ficie d\u2019un cong\u00e9 de paternit\u00e9 de 11 \u00e0 18 jours et qui est indemnis\u00e9 par la s\u00e9curit\u00e9 sociale.<\/p>\n\n\n\n<hr class=\"wp-block-separator\"\/>\n\n\n\n<p><em>[1]<\/em> <em>&#8211; Attention &#8211; Ces dispositions conventionnelles n&rsquo;ont pas \u00e9t\u00e9 modifi\u00e9es suite aux diverses \u00e9volutions l\u00e9gales. Il faut tenir compte des dispositions de l&rsquo;article L. 3142-4 du code du travail. Pour conna\u00eetre les cong\u00e9s applicables, vous pouvez \u00e9galement vous reporter au<a href=\"https:\/\/ccn-pale.org\/wp-content\/uploads\/2021\/09\/20210324_LEssentiel-CCN_Maj8.pdf\" data-type=\"URL\" data-id=\"https:\/\/ccn-pale.org\/wp-content\/uploads\/2021\/09\/20210324_LEssentiel-CCN_Maj8.pdf\" target=\"_blank\" rel=\"noreferrer noopener\"> \u00ab\u00a0CCN L&rsquo;essentiel\u00a0\u00bb <\/a>page 4.<\/em><\/p>\n\n\n\n<div class=\"wp-block-buttons is-layout-flex wp-block-buttons-is-layout-flex\">\n<div class=\"wp-block-button\"><a class=\"wp-block-button__link has-background\" href=\"https:\/\/ccn-pale.org\/index.php\/dispositions-generales\/article-32-conges-payes\/\" style=\"background-color:#037878\">Article pr\u00e9c\u00e9dent<\/a><\/div>\n\n\n\n<div class=\"wp-block-button is-style-outline is-style-outline--1\"><a class=\"wp-block-button__link has-text-color\" href=\"https:\/\/ccn-pale.org\/index.php\/dispositions-generales\/article-34-jours-feries\/\" style=\"color:#037871\">Article suivant<\/a><\/div>\n<\/div>\n\n\n\n<p><\/p>\n","protected":false},"excerpt":{"rendered":"<p>Des autorisations d\u2019absences r\u00e9mun\u00e9r\u00e9es sont accord\u00e9es dans les conditions suivantes\u00a0[1] : Jours ouvr\u00e9s D\u00e8s l\u2019entr\u00e9e dans l\u2019entreprise Apr\u00e8s 6 mois d\u2019anciennet\u00e9 Mariage du salari\u00e9 4 jours 1 semaine Cong\u00e9 de naissance 3 jours 3 jours Mariage d\u2019un enfant 1 jour 1 jour D\u00e9c\u00e8s du conjoint &hellip; <\/p>\n","protected":false},"author":1,"featured_media":0,"parent":138,"menu_order":33,"comment_status":"closed","ping_status":"closed","template":"","meta":{"footnotes":""},"class_list":["post-404","page","type-page","status-publish","hentry"],"_links":{"self":[{"href":"https:\/\/ccn-pale.org\/index.php\/wp-json\/wp\/v2\/pages\/404","targetHints":{"allow":["GET"]}}],"collection":[{"href":"https:\/\/ccn-pale.org\/index.php\/wp-json\/wp\/v2\/pages"}],"about":[{"href":"https:\/\/ccn-pale.org\/index.php\/wp-json\/wp\/v2\/types\/page"}],"author":[{"embeddable":true,"href":"https:\/\/ccn-pale.org\/index.php\/wp-json\/wp\/v2\/users\/1"}],"replies":[{"embeddable":true,"href":"https:\/\/ccn-pale.org\/index.php\/wp-json\/wp\/v2\/comments?post=404"}],"version-history":[{"count":5,"href":"https:\/\/ccn-pale.org\/index.php\/wp-json\/wp\/v2\/pages\/404\/revisions"}],"predecessor-version":[{"id":1030,"href":"https:\/\/ccn-pale.org\/index.php\/wp-json\/wp\/v2\/pages\/404\/revisions\/1030"}],"up":[{"embeddable":true,"href":"https:\/\/ccn-pale.org\/index.php\/wp-json\/wp\/v2\/pages\/138"}],"wp:attachment":[{"href":"https:\/\/ccn-pale.org\/index.php\/wp-json\/wp\/v2\/media?parent=404"}],"curies":[{"name":"wp","href":"https:\/\/api.w.org\/{rel}","templated":true}]}}