{"id":325,"date":"2021-06-09T11:55:47","date_gmt":"2021-06-09T09:55:47","guid":{"rendered":"https:\/\/ccn-pale.org\/?page_id=325"},"modified":"2021-06-25T17:16:12","modified_gmt":"2021-06-25T15:16:12","slug":"article-24-travailleurs-intermittents","status":"publish","type":"page","link":"https:\/\/ccn-pale.org\/index.php\/dispositions-generales\/article-24-travailleurs-intermittents\/","title":{"rendered":"Article 24 &#8211; Travailleurs intermittents"},"content":{"rendered":"\n<p>Par travailleurs intermittents, on entend les travailleurs dont les activit\u00e9s professionnelles, tributaires d\u2019\u00e9v\u00e9nements ext\u00e9rieurs pouvant se renouveler chaque ann\u00e9e, pr\u00e9sentent, au service d\u2019une m\u00eame entreprise, un caract\u00e8re discontinu.<\/p>\n\n\n\n<p>Les travailleurs intermittents b\u00e9n\u00e9ficient d\u2019un contrat de travail \u00e0 dur\u00e9e ind\u00e9termin\u00e9e.<\/p>\n\n\n\n<p>Leur anciennet\u00e9, \u00e0 compter du 11 ao\u00fbt 1986 se calcule \u00e0 hauteur de 12 mois par ann\u00e9e. Pour les p\u00e9riodes ant\u00e9rieures au 11 ao\u00fbt 1986 leur anciennet\u00e9 est calcul\u00e9e conform\u00e9ment au tableau figurant en annexe 1 des dispositions g\u00e9n\u00e9rales<\/p>\n\n\n\n<p>Cependant, si la nature de l\u2019activit\u00e9 ne permet pas de fixer avec pr\u00e9cision les p\u00e9riodes de travail et la r\u00e9partition des heures de travail pendant ces p\u00e9riodes, ces salari\u00e9s auront la possibilit\u00e9 de reporter le d\u00e9but, ou d\u2019abr\u00e9ger la fin de leur p\u00e9riode de travail :<\/p>\n\n\n\n<ul class=\"wp-block-list\"><li>une fois par an (si le contrat pr\u00e9voit moins de 3 p\u00e9riodes de travail),<\/li><li>deux fois si le nombre de ces p\u00e9riodes est sup\u00e9rieur \u00e0 3.<\/li><\/ul>\n\n\n\n<p>La p\u00e9riode ainsi report\u00e9e devra \u00eatre compens\u00e9e dans l\u2019ann\u00e9e, afin que soit respect\u00e9e la dur\u00e9e minimale annuelle du contrat.<\/p>\n\n\n\n<div class=\"wp-block-buttons is-layout-flex wp-block-buttons-is-layout-flex\">\n<div class=\"wp-block-button\"><a class=\"wp-block-button__link has-background\" href=\"https:\/\/ccn-pale.org\/index.php\/dispositions-generales\/dg23-professionnelle\/\" style=\"background-color:#037878\">Article pr\u00e9c\u00e9dent<\/a><\/div>\n\n\n\n<div class=\"wp-block-button is-style-outline is-style-outline--1\"><a class=\"wp-block-button__link has-text-color\" href=\"https:\/\/ccn-pale.org\/index.php\/dispositions-generales\/dg25\/\" style=\"color:#037878\">Article suivant<\/a><\/div>\n<\/div>\n","protected":false},"excerpt":{"rendered":"<p>Par travailleurs intermittents, on entend les travailleurs dont les activit\u00e9s professionnelles, tributaires d\u2019\u00e9v\u00e9nements ext\u00e9rieurs pouvant se renouveler chaque ann\u00e9e, pr\u00e9sentent, au service d\u2019une m\u00eame entreprise, un caract\u00e8re discontinu. Les travailleurs intermittents b\u00e9n\u00e9ficient d\u2019un contrat de travail \u00e0 dur\u00e9e ind\u00e9termin\u00e9e. Leur anciennet\u00e9, \u00e0 compter du 11 &hellip; <\/p>\n","protected":false},"author":1,"featured_media":0,"parent":138,"menu_order":24,"comment_status":"closed","ping_status":"closed","template":"","meta":{"footnotes":""},"class_list":["post-325","page","type-page","status-publish","hentry"],"_links":{"self":[{"href":"https:\/\/ccn-pale.org\/index.php\/wp-json\/wp\/v2\/pages\/325","targetHints":{"allow":["GET"]}}],"collection":[{"href":"https:\/\/ccn-pale.org\/index.php\/wp-json\/wp\/v2\/pages"}],"about":[{"href":"https:\/\/ccn-pale.org\/index.php\/wp-json\/wp\/v2\/types\/page"}],"author":[{"embeddable":true,"href":"https:\/\/ccn-pale.org\/index.php\/wp-json\/wp\/v2\/users\/1"}],"replies":[{"embeddable":true,"href":"https:\/\/ccn-pale.org\/index.php\/wp-json\/wp\/v2\/comments?post=325"}],"version-history":[{"count":2,"href":"https:\/\/ccn-pale.org\/index.php\/wp-json\/wp\/v2\/pages\/325\/revisions"}],"predecessor-version":[{"id":589,"href":"https:\/\/ccn-pale.org\/index.php\/wp-json\/wp\/v2\/pages\/325\/revisions\/589"}],"up":[{"embeddable":true,"href":"https:\/\/ccn-pale.org\/index.php\/wp-json\/wp\/v2\/pages\/138"}],"wp:attachment":[{"href":"https:\/\/ccn-pale.org\/index.php\/wp-json\/wp\/v2\/media?parent=325"}],"curies":[{"name":"wp","href":"https:\/\/api.w.org\/{rel}","templated":true}]}}