{"id":264,"date":"2021-06-08T13:57:58","date_gmt":"2021-06-08T11:57:58","guid":{"rendered":"https:\/\/ccn-pale.org\/?page_id=264"},"modified":"2021-06-26T09:18:37","modified_gmt":"2021-06-26T07:18:37","slug":"ig4","status":"publish","type":"page","link":"https:\/\/ccn-pale.org\/index.php\/ingenieurs-et-cadres\/ig4\/","title":{"rendered":"Article 4 &#8211; Confirmation d&#8217;embauche"},"content":{"rendered":"\n<p>Il est recommand\u00e9 \u00e0 l\u2019employeur de faire signer \u00e0 l\u2019ing\u00e9nieur et au cadre un contrat de travail \u00e9crit au moment de son embauche.<\/p>\n\n\n\n<p>A l&rsquo;expiration de la p\u00e9riode d&rsquo;essai, l&rsquo;ing\u00e9nieur ou cadre, dont l&rsquo;engagement est devenu d\u00e9finitif, re\u00e7oit une lettre de confirmation d\u2019embauche pr\u00e9cisant :<\/p>\n\n\n\n<p>&#8211; la date de son entr\u00e9e dans l&rsquo;entreprise ;<\/p>\n\n\n\n<p>&#8211; la fonction occup\u00e9e et les lieux o\u00f9 elle s&rsquo;exercera ;<\/p>\n\n\n\n<p>&#8211; la r\u00e9mun\u00e9ration et ses modalit\u00e9s (primes, commissions, avantages en nature, etc.).<\/p>\n\n\n\n<p>Lorsqu&rsquo;un cadre est appel\u00e9 \u00e0 occuper un poste dans un \u00e9tablissement situ\u00e9 hors du territoire m\u00e9tropolitain \u00e0 la suite d\u2019un engagement ou d&rsquo;une mutation, il sera \u00e9tabli avant son d\u00e9part un contrat \u00e9crit qui pr\u00e9cisera les conditions de cet engagement ou de cette mutation.<\/p>\n\n\n\n<div class=\"wp-block-buttons is-layout-flex wp-block-buttons-is-layout-flex\">\n<div class=\"wp-block-button\"><a class=\"wp-block-button__link has-background\" href=\"https:\/\/ccn-pale.org\/index.php\/ingenieurs-et-cadres\/ig3\/\" style=\"background-color:#037878\">Article pr\u00e9c\u00e9dent<\/a><\/div>\n\n\n\n<div class=\"wp-block-button is-style-outline is-style-outline--1\"><a class=\"wp-block-button__link has-text-color\" href=\"https:\/\/ccn-pale.org\/index.php\/ingenieurs-et-cadres\/ig5\/\" style=\"color:#037878\">Article suivant<\/a><\/div>\n<\/div>\n","protected":false},"excerpt":{"rendered":"<p>Il est recommand\u00e9 \u00e0 l\u2019employeur de faire signer \u00e0 l\u2019ing\u00e9nieur et au cadre un contrat de travail \u00e9crit au moment de son embauche. A l&rsquo;expiration de la p\u00e9riode d&rsquo;essai, l&rsquo;ing\u00e9nieur ou cadre, dont l&rsquo;engagement est devenu d\u00e9finitif, re\u00e7oit une lettre de confirmation d\u2019embauche pr\u00e9cisant : &hellip; <\/p>\n","protected":false},"author":1,"featured_media":0,"parent":207,"menu_order":4,"comment_status":"closed","ping_status":"closed","template":"","meta":{"footnotes":""},"class_list":["post-264","page","type-page","status-publish","hentry"],"_links":{"self":[{"href":"https:\/\/ccn-pale.org\/index.php\/wp-json\/wp\/v2\/pages\/264","targetHints":{"allow":["GET"]}}],"collection":[{"href":"https:\/\/ccn-pale.org\/index.php\/wp-json\/wp\/v2\/pages"}],"about":[{"href":"https:\/\/ccn-pale.org\/index.php\/wp-json\/wp\/v2\/types\/page"}],"author":[{"embeddable":true,"href":"https:\/\/ccn-pale.org\/index.php\/wp-json\/wp\/v2\/users\/1"}],"replies":[{"embeddable":true,"href":"https:\/\/ccn-pale.org\/index.php\/wp-json\/wp\/v2\/comments?post=264"}],"version-history":[{"count":8,"href":"https:\/\/ccn-pale.org\/index.php\/wp-json\/wp\/v2\/pages\/264\/revisions"}],"predecessor-version":[{"id":775,"href":"https:\/\/ccn-pale.org\/index.php\/wp-json\/wp\/v2\/pages\/264\/revisions\/775"}],"up":[{"embeddable":true,"href":"https:\/\/ccn-pale.org\/index.php\/wp-json\/wp\/v2\/pages\/207"}],"wp:attachment":[{"href":"https:\/\/ccn-pale.org\/index.php\/wp-json\/wp\/v2\/media?parent=264"}],"curies":[{"name":"wp","href":"https:\/\/api.w.org\/{rel}","templated":true}]}}