{"id":262,"date":"2021-06-08T13:56:02","date_gmt":"2021-06-08T11:56:02","guid":{"rendered":"https:\/\/ccn-pale.org\/?page_id=262"},"modified":"2021-06-26T09:22:38","modified_gmt":"2021-06-26T07:22:38","slug":"ig3","status":"publish","type":"page","link":"https:\/\/ccn-pale.org\/index.php\/ingenieurs-et-cadres\/ig3\/","title":{"rendered":"Article 3 &#8211; Non-concurrence"},"content":{"rendered":"\n<p>Dans le cas o\u00f9 la nature des missions confi\u00e9es \u00e0 un cadre le justifie, une clause de non-concurrence peut \u00eatre ajout\u00e9e au contrat du cadre. Cette clause doit pr\u00e9ciser le secteur territorial, la dur\u00e9e d&rsquo;application ainsi que les contreparties financi\u00e8res.<\/p>\n\n\n\n<div class=\"wp-block-buttons is-layout-flex wp-block-buttons-is-layout-flex\">\n<div class=\"wp-block-button is-style-fill\"><a class=\"wp-block-button__link has-background\" href=\"https:\/\/ccn-pale.org\/index.php\/ingenieurs-et-cadres\/article-2-promotion-embauchage-periode-dessai\/\" style=\"background-color:#037878\">Article pr\u00e9c\u00e9dent<\/a><\/div>\n\n\n\n<div class=\"wp-block-button is-style-outline is-style-outline--1\"><a class=\"wp-block-button__link has-text-color\" href=\"https:\/\/ccn-pale.org\/index.php\/ingenieurs-et-cadres\/ig4\/\" style=\"color:#037878\">Article suivant<\/a><\/div>\n<\/div>\n\n\n\n<p><\/p>\n","protected":false},"excerpt":{"rendered":"<p>Dans le cas o\u00f9 la nature des missions confi\u00e9es \u00e0 un cadre le justifie, une clause de non-concurrence peut \u00eatre ajout\u00e9e au contrat du cadre. Cette clause doit pr\u00e9ciser le secteur territorial, la dur\u00e9e d&rsquo;application ainsi que les contreparties financi\u00e8res.<\/p>\n","protected":false},"author":1,"featured_media":0,"parent":207,"menu_order":3,"comment_status":"closed","ping_status":"closed","template":"","meta":{"footnotes":""},"class_list":["post-262","page","type-page","status-publish","hentry"],"_links":{"self":[{"href":"https:\/\/ccn-pale.org\/index.php\/wp-json\/wp\/v2\/pages\/262","targetHints":{"allow":["GET"]}}],"collection":[{"href":"https:\/\/ccn-pale.org\/index.php\/wp-json\/wp\/v2\/pages"}],"about":[{"href":"https:\/\/ccn-pale.org\/index.php\/wp-json\/wp\/v2\/types\/page"}],"author":[{"embeddable":true,"href":"https:\/\/ccn-pale.org\/index.php\/wp-json\/wp\/v2\/users\/1"}],"replies":[{"embeddable":true,"href":"https:\/\/ccn-pale.org\/index.php\/wp-json\/wp\/v2\/comments?post=262"}],"version-history":[{"count":4,"href":"https:\/\/ccn-pale.org\/index.php\/wp-json\/wp\/v2\/pages\/262\/revisions"}],"predecessor-version":[{"id":777,"href":"https:\/\/ccn-pale.org\/index.php\/wp-json\/wp\/v2\/pages\/262\/revisions\/777"}],"up":[{"embeddable":true,"href":"https:\/\/ccn-pale.org\/index.php\/wp-json\/wp\/v2\/pages\/207"}],"wp:attachment":[{"href":"https:\/\/ccn-pale.org\/index.php\/wp-json\/wp\/v2\/media?parent=262"}],"curies":[{"name":"wp","href":"https:\/\/api.w.org\/{rel}","templated":true}]}}