{"id":255,"date":"2021-06-08T13:42:32","date_gmt":"2021-06-08T11:42:32","guid":{"rendered":"https:\/\/ccn-pale.org\/?page_id=255"},"modified":"2021-06-25T20:30:59","modified_gmt":"2021-06-25T18:30:59","slug":"article-1-champ-dapplication","status":"publish","type":"page","link":"https:\/\/ccn-pale.org\/index.php\/ingenieurs-et-cadres\/article-1-champ-dapplication\/","title":{"rendered":"Article 1 &#8211; Champ d&rsquo;application"},"content":{"rendered":"\n<p class=\"has-text-color\" style=\"color:#037878\"><em>(Actualis\u00e9 par l\u2019accord n\u00b081 du 8 juillet 2009)<\/em><\/p>\n\n\n\n<p>La pr\u00e9sente annexe a pour objet de fixer, conform\u00e9ment aux dispositions de l&rsquo;article 1 de la convention nationale du 17 janvier 1952, les conditions particuli\u00e8res de travail du personnel \u00ab&nbsp;Ing\u00e9nieurs et cadres \u00bb occup\u00e9 dans les entreprises vis\u00e9es par ladite convention.<\/p>\n\n\n\n<p>Il est entendu que les clauses g\u00e9n\u00e9rales de la convention du 17 janvier 1952 leur sont applicables.<\/p>\n\n\n\n<p>Elles ne peuvent \u00eatre, non plus que les dispositions de la pr\u00e9sente annexe, la cause de restrictions d&rsquo;avantages acquis dans les entreprises soit individuellement, soit collectivement.<\/p>\n\n\n\n<p>En aucun cas, les avantages accord\u00e9s dans la pr\u00e9sente annexe ne pourront se cumuler avec les avantages accord\u00e9s dans une entreprise pour le m\u00eame objet.<\/p>\n\n\n\n<p>Le fait d&rsquo;\u00eatre inscrit \u00e0 une caisse de retraite et de pr\u00e9voyance des cadres n&rsquo;implique pas ipso facto que l&rsquo;int\u00e9ress\u00e9 est un b\u00e9n\u00e9ficiaire de la pr\u00e9sente annexe, s&rsquo;il ne r\u00e9pond pas aux conditions ci-dessous.<\/p>\n\n\n\n<p>Pour l&rsquo;application de la pr\u00e9sente annexe, sont consid\u00e9r\u00e9s comme ing\u00e9nieurs et cadres les collaborateurs r\u00e9pondant \u00e0 la fois aux deux conditions suivantes :<\/p>\n\n\n\n<p>1\u00b0 Poss\u00e9der une formation technique, administrative, juridique, commerciale ou financi\u00e8re r\u00e9sultant soit d&rsquo;\u00e9tudes sanctionn\u00e9es par un dipl\u00f4me des \u00e9coles sp\u00e9cialis\u00e9es, soit d&rsquo;une exp\u00e9rience professionnelle \u00e9quivalente ;<\/p>\n\n\n\n<p>2\u00b0 Occuper dans l&rsquo;entreprise un emploi comportant des pouvoirs de d\u00e9cision et de commandement sur du personnel de toute nature. Dans certains cas, toutefois, ils peuvent ne pas exercer ces fonctions de commandement (ing\u00e9nieurs d&rsquo;\u00e9tudes ou de recherches, chef de contentieux, etc.).<\/p>\n\n\n\n<p>La pr\u00e9sente annexe s&rsquo;applique \u00e9galement au personnel d\u00e9butant engag\u00e9 pour remplir imm\u00e9diatement ou au bout d&rsquo;un certain temps, une fonction d&rsquo;ing\u00e9nieur ou de cadre.<\/p>\n\n\n\n<div class=\"wp-block-buttons is-layout-flex wp-block-buttons-is-layout-flex\">\n<div class=\"wp-block-button is-style-outline is-style-outline--1\"><a class=\"wp-block-button__link has-text-color\" href=\"https:\/\/ccn-pale.org\/index.php\/ingenieurs-et-cadres\/article-2-promotion-embauchage-periode-dessai\/\" style=\"color:#037878\">Article suivant<\/a><\/div>\n<\/div>\n\n\n\n<p><\/p>\n","protected":false},"excerpt":{"rendered":"<p>(Actualis\u00e9 par l\u2019accord n\u00b081 du 8 juillet 2009) La pr\u00e9sente annexe a pour objet de fixer, conform\u00e9ment aux dispositions de l&rsquo;article 1 de la convention nationale du 17 janvier 1952, les conditions particuli\u00e8res de travail du personnel \u00ab&nbsp;Ing\u00e9nieurs et cadres \u00bb occup\u00e9 dans les entreprises &hellip; <\/p>\n","protected":false},"author":1,"featured_media":0,"parent":207,"menu_order":1,"comment_status":"closed","ping_status":"closed","template":"","meta":{"footnotes":""},"class_list":["post-255","page","type-page","status-publish","hentry"],"_links":{"self":[{"href":"https:\/\/ccn-pale.org\/index.php\/wp-json\/wp\/v2\/pages\/255","targetHints":{"allow":["GET"]}}],"collection":[{"href":"https:\/\/ccn-pale.org\/index.php\/wp-json\/wp\/v2\/pages"}],"about":[{"href":"https:\/\/ccn-pale.org\/index.php\/wp-json\/wp\/v2\/types\/page"}],"author":[{"embeddable":true,"href":"https:\/\/ccn-pale.org\/index.php\/wp-json\/wp\/v2\/users\/1"}],"replies":[{"embeddable":true,"href":"https:\/\/ccn-pale.org\/index.php\/wp-json\/wp\/v2\/comments?post=255"}],"version-history":[{"count":4,"href":"https:\/\/ccn-pale.org\/index.php\/wp-json\/wp\/v2\/pages\/255\/revisions"}],"predecessor-version":[{"id":682,"href":"https:\/\/ccn-pale.org\/index.php\/wp-json\/wp\/v2\/pages\/255\/revisions\/682"}],"up":[{"embeddable":true,"href":"https:\/\/ccn-pale.org\/index.php\/wp-json\/wp\/v2\/pages\/207"}],"wp:attachment":[{"href":"https:\/\/ccn-pale.org\/index.php\/wp-json\/wp\/v2\/media?parent=255"}],"curies":[{"name":"wp","href":"https:\/\/api.w.org\/{rel}","templated":true}]}}