{"id":233,"date":"2021-06-04T17:57:56","date_gmt":"2021-06-04T15:57:56","guid":{"rendered":"https:\/\/ccn-pale.org\/?page_id=233"},"modified":"2021-08-03T15:16:13","modified_gmt":"2021-08-03T13:16:13","slug":"article-5-duree-revision-denonciation","status":"publish","type":"page","link":"https:\/\/ccn-pale.org\/index.php\/dispositions-generales\/article-5-duree-revision-denonciation\/","title":{"rendered":"Article 5 &#8211; Dur\u00e9e -R\u00e9vision &#8211; D\u00e9nonciation"},"content":{"rendered":"\n<p class=\"has-text-color\" style=\"color:#037878\"><a><em>(Actualis\u00e9 par l\u2019accord n\u00b0107 du 5 octobre 2017)<\/em><\/a><em><\/em><\/p>\n\n\n\n<p class=\"has-black-color has-text-color has-medium-font-size\"><strong>Dur\u00e9e<\/strong><\/p>\n\n\n\n<p>La pr\u00e9sente Convention est conclue pour une dur\u00e9e ind\u00e9termin\u00e9e.<\/p>\n\n\n\n<p class=\"has-black-color has-text-color has-medium-font-size\"><strong>R\u00e9vision<\/strong><\/p>\n\n\n\n<p>Chaque organisation repr\u00e9sentative dans le champ d\u2019application de la pr\u00e9sente Convention peut demander la r\u00e9vision de certains de ses articles&nbsp; et, le cas \u00e9ch\u00e9ant, de ses annexes.<\/p>\n\n\n\n<p>Toute demande de r\u00e9vision devra \u00eatre port\u00e9e par lettre recommand\u00e9e avec accus\u00e9 de r\u00e9ception \u2013 adress\u00e9e au Secr\u00e9tariat de l\u2019Association des Entreprises de Produits Alimentaires \u00c9labor\u00e9s (ADEPALE) \u2013 \u00e0 la connaissance des autres&nbsp; organisations repr\u00e9sentatives dans le champ d\u2019application de la pr\u00e9sente Convention. Elle devra comporter l\u2019indication des points dont la r\u00e9vision est demand\u00e9e et des dispositions formul\u00e9es en remplacement.<\/p>\n\n\n\n<p>La Commission Nationale Paritaire Permanente de N\u00e9gociation et d\u2019Interpr\u00e9tation telle que d\u00e9finie par l\u2019article 37 de la pr\u00e9sente Convention \u2013 seule habilit\u00e9e pour discuter de cette question de r\u00e9vision \u2013 devra se r\u00e9unir dans le mois suivant la date d\u2019envoi de la lettre de notification. Toutes les organisations repr\u00e9sentatives dans le champ d\u2019application de la pr\u00e9sente Convention seront invit\u00e9es aux r\u00e9unions de la pr\u00e9sente commission.<\/p>\n\n\n\n<p>Toutefois aucune discussion ne pourra avoir lieu durant les mois de juin, juillet et ao\u00fbt de chaque ann\u00e9e. Si une demande de r\u00e9vision intervenait moins d\u2019un mois avant le 1er juillet, l\u2019application de cette derni\u00e8re r\u00e8gle reporterait au-del\u00e0 du 31 ao\u00fbt l\u2019expiration d\u00e9finitive du d\u00e9lai d\u2019un mois ci-dessus.<\/p>\n\n\n\n<p>A dater de la demande de r\u00e9vision jusqu\u2019\u00e0 la fin des entretiens paritaires, les parties s\u2019engagent \u00e0 ne proc\u00e9der \u00e0 aucune fermeture d\u2019\u00e9tablissement ou cessation du travail motiv\u00e9e par les points sujets \u00e0 r\u00e9vision, ni \u00e0 d\u00e9noncer la pr\u00e9sente Convention.<\/p>\n\n\n\n<p>En cas de non-accord sur les nouvelles propositions de r\u00e9vision, la Commission Paritaire pourra d\u00e9cider :<\/p>\n\n\n\n<ul class=\"wp-block-list\"><li>soit du maintien des dispositions ant\u00e9rieures ;<\/li><li>soit de la suppression des articles litigieux et des formes et d\u00e9lais dans lesquels cette suppression interviendra.<\/li><\/ul>\n\n\n\n<p class=\"has-black-color has-text-color has-medium-font-size\"><strong>D\u00e9nonciation<\/strong><\/p>\n\n\n\n<p>La d\u00e9nonciation partielle ou totale de la pr\u00e9sente Convention par l\u2019une des parties contractantes devra \u00eatre port\u00e9e \u00e0 la connaissance des autres parties par lettre recommand\u00e9e avec accus\u00e9 de r\u00e9ception.<\/p>\n\n\n\n<p>Elle sera effectu\u00e9e avec un pr\u00e9avis de 3 mois, \u00e9tant entendu qu\u2019elle ne pourra avoir lieu durant les mois de juin, juillet et ao\u00fbt de chaque ann\u00e9e.<\/p>\n\n\n\n<div class=\"wp-block-buttons is-layout-flex wp-block-buttons-is-layout-flex\">\n<div class=\"wp-block-button\"><a class=\"wp-block-button__link has-background\" href=\"https:\/\/ccn-pale.org\/index.php\/dispositions-generales\/article-4-etablissements-a-activites-multiples\/\" style=\"background-color:#037878\">Article pr\u00e9c\u00e9dent<\/a><\/div>\n\n\n\n<div class=\"wp-block-button is-style-outline is-style-outline--1\"><a class=\"wp-block-button__link has-text-color\" href=\"https:\/\/ccn-pale.org\/index.php\/dispositions-generales\/article-6-libertes-syndicales-et-dopinion\/\" style=\"color:#037878\">Article suivant<\/a><\/div>\n<\/div>\n\n\n\n<p><\/p>\n","protected":false},"excerpt":{"rendered":"<p>(Actualis\u00e9 par l\u2019accord n\u00b0107 du 5 octobre 2017) Dur\u00e9e La pr\u00e9sente Convention est conclue pour une dur\u00e9e ind\u00e9termin\u00e9e. R\u00e9vision Chaque organisation repr\u00e9sentative dans le champ d\u2019application de la pr\u00e9sente Convention peut demander la r\u00e9vision de certains de ses articles&nbsp; et, le cas \u00e9ch\u00e9ant, de ses &hellip; <\/p>\n","protected":false},"author":1,"featured_media":0,"parent":138,"menu_order":5,"comment_status":"closed","ping_status":"closed","template":"","meta":{"footnotes":""},"class_list":["post-233","page","type-page","status-publish","hentry"],"_links":{"self":[{"href":"https:\/\/ccn-pale.org\/index.php\/wp-json\/wp\/v2\/pages\/233","targetHints":{"allow":["GET"]}}],"collection":[{"href":"https:\/\/ccn-pale.org\/index.php\/wp-json\/wp\/v2\/pages"}],"about":[{"href":"https:\/\/ccn-pale.org\/index.php\/wp-json\/wp\/v2\/types\/page"}],"author":[{"embeddable":true,"href":"https:\/\/ccn-pale.org\/index.php\/wp-json\/wp\/v2\/users\/1"}],"replies":[{"embeddable":true,"href":"https:\/\/ccn-pale.org\/index.php\/wp-json\/wp\/v2\/comments?post=233"}],"version-history":[{"count":5,"href":"https:\/\/ccn-pale.org\/index.php\/wp-json\/wp\/v2\/pages\/233\/revisions"}],"predecessor-version":[{"id":779,"href":"https:\/\/ccn-pale.org\/index.php\/wp-json\/wp\/v2\/pages\/233\/revisions\/779"}],"up":[{"embeddable":true,"href":"https:\/\/ccn-pale.org\/index.php\/wp-json\/wp\/v2\/pages\/138"}],"wp:attachment":[{"href":"https:\/\/ccn-pale.org\/index.php\/wp-json\/wp\/v2\/media?parent=233"}],"curies":[{"name":"wp","href":"https:\/\/api.w.org\/{rel}","templated":true}]}}