{"id":138,"date":"2021-06-01T17:12:19","date_gmt":"2021-06-01T15:12:19","guid":{"rendered":"https:\/\/ccn-pale.org\/?page_id=138"},"modified":"2024-02-09T19:18:44","modified_gmt":"2024-02-09T18:18:44","slug":"dispositions-generales","status":"publish","type":"page","link":"https:\/\/ccn-pale.org\/","title":{"rendered":"Dispositions g\u00e9n\u00e9rales"},"content":{"rendered":"\n<p><a href=\"https:\/\/ccn-pale.org\/index.php\/dispositions-generales\/article-1-champ-dapplication\/\" data-type=\"page\" data-id=\"135\">ARTICLE PREMIER &#8211; CHAMP D\u2019APPLICATION&nbsp;<\/a>&nbsp;&nbsp;&nbsp;&nbsp;&nbsp;&nbsp; <\/p>\n\n\n\n<p><a href=\"https:\/\/ccn-pale.org\/index.php\/dispositions-generales\/article-2-conventions-collectives\/\" data-type=\"page\" data-id=\"168\">ARTICLE 2 &#8211; CONVENTIONS COLLECTIVES&nbsp;&nbsp;<\/a>&nbsp;&nbsp;&nbsp;&nbsp;&nbsp;&nbsp;&nbsp;&nbsp;&nbsp;&nbsp; <\/p>\n\n\n\n<p><a href=\"https:\/\/ccn-pale.org\/index.php\/dispositions-generales\/article-3-determination-de-lanciennete\/\" data-type=\"page\" data-id=\"196\">ARTICLE 3 &#8211; D\u00c9TERMINATION DE L\u2019ANCIENNET\u00c9 <\/a><\/p>\n\n\n\n<p><a href=\"https:\/\/ccn-pale.org\/index.php\/dispositions-generales\/article-4-etablissements-a-activites-multiples\/\" data-type=\"page\" data-id=\"199\">ARTICLE 4 &#8211; \u00c9TABLISSEMENTS A ACTIVIT\u00c9S MULTIPLES<\/a>&nbsp;&nbsp;&nbsp; <\/p>\n\n\n\n<p><a href=\"https:\/\/ccn-pale.org\/index.php\/dispositions-generales\/article-5-duree-revision-denonciation\/\" data-type=\"page\" data-id=\"233\">ARTICLE 5 &#8211; DUR\u00c9E \u2013 R\u00c9VISION \u2013 D\u00c9NONCIATION&nbsp;&nbsp;&nbsp;<\/a>&nbsp;&nbsp;&nbsp;&nbsp;&nbsp;&nbsp;&nbsp;&nbsp;&nbsp; <\/p>\n\n\n\n<p><a href=\"https:\/\/ccn-pale.org\/index.php\/dispositions-generales\/article-6-libertes-syndicales-et-dopinion\/\" data-type=\"page\" data-id=\"241\">ARTICLE 6 &#8211; LIBERT\u00c9S SYNDICALES ET D\u2019OPINION<\/a>&nbsp;&nbsp;&nbsp;&nbsp;&nbsp;&nbsp;&nbsp;&nbsp;&nbsp;&nbsp;&nbsp;&nbsp;&nbsp; <\/p>\n\n\n\n<p><a href=\"https:\/\/ccn-pale.org\/index.php\/dispositions-generales\/article-7-exercice-du-droit-syndical\/\" data-type=\"page\" data-id=\"245\">ARTICLE 7 &#8211; EXERCICE DU DROIT SYNDICAL&nbsp;&nbsp;<\/a>&nbsp;&nbsp;&nbsp;&nbsp;&nbsp;&nbsp;&nbsp; <\/p>\n\n\n\n<p><a href=\"https:\/\/ccn-pale.org\/index.php\/dispositions-generales\/article-8-conges-de-formation-economique-sociale-ou-syndicale\/\" data-type=\"page\" data-id=\"248\">ARTICLE 8 &#8211; CONG\u00c9S DE FORMATION \u00c9CONOMIQUE, SOCIALE OU SYNDICALE&nbsp;&nbsp;<\/a>&nbsp;&nbsp; <\/p>\n\n\n\n<p><a href=\"https:\/\/ccn-pale.org\/index.php\/dispositions-generales\/article-9-delegues-du-personnel\/\" data-type=\"page\" data-id=\"252\">ARTICLE 9 &#8211; DELEGUES DU PERSONNEL<\/a>&nbsp; <\/p>\n\n\n\n<p><a href=\"https:\/\/ccn-pale.org\/index.php\/dispositions-generales\/dg10\/\" data-type=\"page\" data-id=\"273\">ARTICLE 10 &#8211; NOMBRE DE DELEGUES DU PERSONNEL&nbsp;<\/a>&nbsp;&nbsp;&nbsp; <\/p>\n\n\n\n<p><a href=\"https:\/\/ccn-pale.org\/index.php\/dispositions-generales\/dg11\/\" data-type=\"page\" data-id=\"275\">ARTICLE 11 &#8211; COLL\u00c8GES \u00c9LECTORAUX&nbsp;<\/a>&nbsp;&nbsp;&nbsp; <\/p>\n\n\n\n<p><a href=\"https:\/\/ccn-pale.org\/index.php\/dispositions-generales\/dg12\/\" data-type=\"page\" data-id=\"279\">ARTICLE 12 &#8211; \u00c9LECTEURS<\/a>&nbsp;&nbsp;&nbsp;&nbsp;&nbsp;&nbsp;&nbsp;&nbsp;&nbsp;&nbsp;&nbsp;&nbsp;&nbsp; <\/p>\n\n\n\n<p><a href=\"https:\/\/ccn-pale.org\/index.php\/dispositions-generales\/dg13\/\" data-type=\"page\" data-id=\"281\">ARTICLE 13 &#8211; ELIGIBILITE&nbsp;&nbsp;<\/a>&nbsp;&nbsp;&nbsp;&nbsp;&nbsp;&nbsp;&nbsp;&nbsp;&nbsp;&nbsp;&nbsp; <\/p>\n\n\n\n<p><a href=\"https:\/\/ccn-pale.org\/index.php\/dispositions-generales\/article-14-duree-du-mandat\/\" data-type=\"page\" data-id=\"283\">ARTICLE 14 &#8211; DUR\u00c9E DU MANDAT<\/a>&nbsp;&nbsp;&nbsp;&nbsp;&nbsp;&nbsp;&nbsp;&nbsp;&nbsp;&nbsp;&nbsp; <\/p>\n\n\n\n<p><a href=\"https:\/\/ccn-pale.org\/index.php\/dispositions-generales\/dg15\/\" data-type=\"page\" data-id=\"301\">ARTICLE 15 &#8211;&nbsp; OP\u00c9RATIONS \u00c9LECTORALES&nbsp;&nbsp;&nbsp;<\/a>&nbsp;&nbsp;&nbsp;&nbsp;&nbsp;&nbsp;&nbsp;&nbsp; <\/p>\n\n\n\n<p><a href=\"https:\/\/ccn-pale.org\/index.php\/dispositions-generales\/article-16-reception-des-delegues-du-personnel\/\" data-type=\"page\" data-id=\"303\">ARTICLE 16 &#8211; R\u00c9CEPTION DES DELEGUES DU PERSONNEL&nbsp;<\/a>&nbsp;&nbsp;&nbsp;&nbsp;&nbsp;&nbsp;&nbsp;&nbsp;&nbsp;&nbsp;&nbsp;&nbsp; <\/p>\n\n\n\n<p><a href=\"https:\/\/ccn-pale.org\/index.php\/dispositions-generales\/article-17-temps-devolu-aux-delegues-du-personnel-pour-lexercice-de-leurs-fonctions\/\" data-type=\"page\" data-id=\"307\">ARTICLE 17 &#8211; TEMPS D\u00c9VOLU AUX DELEGUES DU PERSONNEL POUR L\u2019EXERCICE DE LEURS FONCTIONS<\/a>&nbsp;&nbsp;&nbsp;&nbsp;&nbsp;&nbsp;&nbsp; <\/p>\n\n\n\n<p><a href=\"https:\/\/ccn-pale.org\/index.php\/dispositions-generales\/dg18\/\" data-type=\"page\" data-id=\"313\">ARTICLE 18 &#8211; COMITES D\u2019ENTREPRISE ET D\u2019\u00c9TABLISSEMENTS<\/a>&nbsp;&nbsp;&nbsp;&nbsp;&nbsp; <\/p>\n\n\n\n<p><a href=\"https:\/\/ccn-pale.org\/index.php\/dispositions-generales\/dg19\/\" data-type=\"page\" data-id=\"315\">ARTICLE 19 &#8211; MOYENS DE FONCTIONNEMENT DU COMITE D\u2019ENTREPRISE OU DU COMITE D\u2019\u00c9TABLISSEMENT<\/a>&nbsp;&nbsp;&nbsp;&nbsp;&nbsp;&nbsp;&nbsp;&nbsp;&nbsp; <\/p>\n\n\n\n<p><a href=\"https:\/\/ccn-pale.org\/index.php\/dispositions-generales\/dg20\/\" data-type=\"page\" data-id=\"317\">ARTICLE 20 &#8211; EMBAUCHAGE &#8211; P\u00c9RIODE D\u2019ESSAI<\/a>&nbsp; <\/p>\n\n\n\n<p><a href=\"https:\/\/ccn-pale.org\/index.php\/dispositions-generales\/dg21\/\" data-type=\"page\" data-id=\"319\">ARTICLE 21 &#8211; REMUNERATION MENSUELLE<\/a>&nbsp;&nbsp;&nbsp;&nbsp;&nbsp;&nbsp;&nbsp;&nbsp;&nbsp; <\/p>\n\n\n\n<p><a href=\"https:\/\/ccn-pale.org\/index.php\/dispositions-generales\/dg22\/\" data-type=\"page\" data-id=\"321\">ARTICLE 22 \u2013 SALAIRES<\/a>&nbsp; <\/p>\n\n\n\n<p><a href=\"https:\/\/ccn-pale.org\/index.php\/dispositions-generales\/dg23-professionnelle\/\" data-type=\"page\" data-id=\"323\">ARTICLE 23 &#8211; APPRENTISSAGE &#8211; FORMATION PROFESSIONNELLE<\/a> <\/p>\n\n\n\n<p><a href=\"https:\/\/ccn-pale.org\/index.php\/dispositions-generales\/article-24-travailleurs-intermittents\/\" data-type=\"page\" data-id=\"325\">ARTICLE 24 &#8211; TRAVAILLEURS INTERMITTENTS<\/a>&nbsp;&nbsp;&nbsp;&nbsp;&nbsp; <\/p>\n\n\n\n<p><a href=\"https:\/\/ccn-pale.org\/index.php\/dispositions-generales\/dg25\/\" data-type=\"page\" data-id=\"327\">ARTICLE 25 &#8211; MUTATIONS TECHNOLOGIQUES<\/a>&nbsp;&nbsp;&nbsp;&nbsp; <\/p>\n\n\n\n<p><a href=\"https:\/\/ccn-pale.org\/index.php\/dispositions-generales\/dg26\/\" data-type=\"page\" data-id=\"329\">ARTICLE 26 &#8211; PR\u00c9AVIS EN CAS DE RUPTURE DU CONTRAT DE TRAVAIL D\u2019UN OUVRIER OU D\u2019UN EMPLOY\u00c9<\/a>&nbsp;&nbsp;&nbsp;&nbsp;&nbsp;&nbsp;&nbsp;&nbsp;&nbsp;&nbsp;&nbsp;&nbsp;&nbsp; <\/p>\n\n\n\n<p><a href=\"https:\/\/ccn-pale.org\/index.php\/dispositions-generales\/dg27\/\" data-type=\"page\" data-id=\"331\">ARTICLE 27 &#8211; RECHERCHE D\u2019UN NOUVEL EMPLOI<\/a>&nbsp;&nbsp;&nbsp;&nbsp;&nbsp;&nbsp;&nbsp;&nbsp;&nbsp;&nbsp;&nbsp;&nbsp;&nbsp; <\/p>\n\n\n\n<p><a href=\"https:\/\/ccn-pale.org\/index.php\/dispositions-generales\/dg28\/\" data-type=\"page\" data-id=\"333\">ARTICLE 28 &#8211; LICENCIEMENTS COLLECTIFS POUR MOTIF \u00c9CONOMIQUE<\/a>&nbsp;&nbsp; <\/p>\n\n\n\n<p><a href=\"https:\/\/ccn-pale.org\/index.php\/dispositions-generales\/dg29\/\" data-type=\"page\" data-id=\"335\">ARTICLE 29 &#8211; LICENCIEMENT \u2013 MISE A LA RETRAITE \u2013 D\u00c9PART \u2013 RUPTURE CONVENTIONNELLE<\/a>&nbsp;&nbsp;&nbsp;&nbsp;&nbsp;&nbsp;&nbsp;&nbsp;&nbsp;&nbsp;&nbsp;&nbsp;&nbsp;&nbsp; <\/p>\n\n\n\n<p><a href=\"https:\/\/ccn-pale.org\/index.php\/dispositions-generales\/dg30\/\" data-type=\"page\" data-id=\"337\">ARTICLE 30 &#8211; ABSENCES<\/a><\/p>\n\n\n\n<p><a href=\"https:\/\/ccn-pale.org\/index.php\/dispositions-generales\/dg31\/\" data-type=\"page\" data-id=\"354\">ARTICLE 31 &#8211; PRIME D\u2019ANCIENNET\u00c9<\/a> <\/p>\n\n\n\n<p><a href=\"https:\/\/ccn-pale.org\/index.php\/dispositions-generales\/article-32-conges-payes\/\" data-type=\"page\" data-id=\"401\">ARTICLE 32 &#8211; CONG\u00c9S PAYES<\/a>&nbsp;&nbsp;&nbsp;&nbsp;&nbsp;&nbsp; <\/p>\n\n\n\n<p><a href=\"https:\/\/ccn-pale.org\/index.php\/dispositions-generales\/article-33-conges-pour-evenements-familiaux\/\" data-type=\"page\" data-id=\"404\">ARTICLE 33 &#8211; CONG\u00c9S POUR EVENEMENTS FAMILIAUX<\/a>&nbsp;&nbsp; <\/p>\n\n\n\n<p><a href=\"https:\/\/ccn-pale.org\/index.php\/dispositions-generales\/article-34-jours-feries\/\" data-type=\"page\" data-id=\"407\">ARTICLE 34 &#8211; JOURS F\u00c9RIES<\/a>&nbsp;&nbsp;&nbsp;&nbsp;&nbsp;&nbsp;&nbsp;&nbsp;&nbsp; <\/p>\n\n\n\n<p><a href=\"https:\/\/ccn-pale.org\/index.php\/dispositions-generales\/article-35-hygiene-et-securite-conditions-de-travail\/\" data-type=\"page\" data-id=\"410\">ARTICLE 35 &#8211; HYGI\u00c8NE ET SECURITE &#8211; CONDITIONS DE TRAVAIL<\/a>&nbsp;&nbsp; <\/p>\n\n\n\n<p><a href=\"https:\/\/ccn-pale.org\/index.php\/dispositions-generales\/article-36-dispositions-particulieres-a-certaines-categories-de-salaries\/\" data-type=\"page\" data-id=\"422\">ARTICLE 36 &#8211; DISPOSITIONS PARTICULI\u00c8RES A CERTAINES CAT\u00c9GORIES DE SALARIES<\/a>&nbsp;&nbsp;&nbsp;&nbsp;&nbsp;&nbsp;&nbsp;&nbsp; <\/p>\n\n\n\n<p><a href=\"https:\/\/ccn-pale.org\/index.php\/dispositions-generales\/article-37-commission-nationale-paritaire-permanente-de-negociation-et-dinterpretation\/\" data-type=\"page\" data-id=\"473\">ARTICLE 37 &#8211;&nbsp; COMMISSION NATIONALE PARITAIRE PERMANENTE DE N\u00c9GOCIATION ET D\u2019INTERPR\u00c9TATION<\/a>&nbsp;&nbsp;&nbsp;&nbsp;&nbsp;&nbsp;&nbsp; <\/p>\n\n\n\n<p><a href=\"https:\/\/ccn-pale.org\/index.php\/historique-de-la-ccn\/article-38-duree-et-organisation-du-temps-de-travail\/\" data-type=\"page\" data-id=\"479\">ARTICLE 38 &#8211; DUR\u00c9E ET ORGANISATION DU TEMPS DE TRAVAIL<\/a>&nbsp; <\/p>\n\n\n\n<p><a href=\"https:\/\/ccn-pale.org\/index.php\/dispositions-generales\/article-39-compte-epargne-temps\/\" data-type=\"page\" data-id=\"483\">ARTICLE 39 \u2013 COMPTE \u00c9PARGNE TEMPS<\/a>&nbsp;&nbsp;&nbsp;&nbsp;&nbsp;&nbsp;&nbsp;&nbsp;&nbsp;&nbsp;&nbsp;&nbsp;&nbsp;&nbsp; <\/p>\n\n\n\n<p><a href=\"https:\/\/ccn-pale.org\/index.php\/dispositions-generales\/article-40-maintien-de-salaire-en-cas-dincapacite-temporaire-de-travail-et-garanties-complementaires-de-prevoyance\/\" data-type=\"page\" data-id=\"488\">ARTICLE 40 \u2013 MAINTIEN DE SALAIRE EN CAS D\u2019INCAPACIT\u00c9 TEMPORAIRE DE TRAVAIL ET GARANTIES COMPL\u00c9MENTAIRES DE PR\u00c9VOYANCE<\/a>&nbsp;&nbsp;&nbsp;&nbsp;&nbsp;&nbsp;&nbsp;&nbsp;&nbsp;&nbsp; <\/p>\n\n\n\n<p><a href=\"https:\/\/ccn-pale.org\/index.php\/dispositions-generales\/article-41-prime-annuelle\/\" data-type=\"page\" data-id=\"497\">ARTICLE 41 \u2013 PRIME ANNUELLE<\/a> <\/p>\n\n\n\n<p><a href=\"https:\/\/ccn-pale.org\/index.php\/dispositions-generales\/annexe-1-aux-dispositions-generales\/\" data-type=\"page\" data-id=\"529\">ANNEXE 1<\/a>&nbsp;&nbsp;&nbsp;&nbsp;&nbsp;&nbsp;&nbsp;&nbsp;&nbsp;&nbsp; <\/p>\n","protected":false},"excerpt":{"rendered":"<p>ARTICLE PREMIER &#8211; CHAMP D\u2019APPLICATION&nbsp;&nbsp;&nbsp;&nbsp;&nbsp;&nbsp;&nbsp; ARTICLE 2 &#8211; CONVENTIONS COLLECTIVES&nbsp;&nbsp;&nbsp;&nbsp;&nbsp;&nbsp;&nbsp;&nbsp;&nbsp;&nbsp;&nbsp;&nbsp; ARTICLE 3 &#8211; D\u00c9TERMINATION DE L\u2019ANCIENNET\u00c9 ARTICLE 4 &#8211; \u00c9TABLISSEMENTS A ACTIVIT\u00c9S MULTIPLES&nbsp;&nbsp;&nbsp; ARTICLE 5 &#8211; DUR\u00c9E \u2013 R\u00c9VISION \u2013 D\u00c9NONCIATION&nbsp;&nbsp;&nbsp;&nbsp;&nbsp;&nbsp;&nbsp;&nbsp;&nbsp;&nbsp;&nbsp;&nbsp; ARTICLE 6 &#8211; LIBERT\u00c9S SYNDICALES ET D\u2019OPINION&nbsp;&nbsp;&nbsp;&nbsp;&nbsp;&nbsp;&nbsp;&nbsp;&nbsp;&nbsp;&nbsp;&nbsp;&nbsp; ARTICLE 7 &#8211; EXERCICE DU DROIT SYNDICAL&nbsp;&nbsp;&nbsp;&nbsp;&nbsp;&nbsp;&nbsp;&nbsp;&nbsp; &hellip; <\/p>\n","protected":false},"author":1,"featured_media":0,"parent":0,"menu_order":0,"comment_status":"closed","ping_status":"closed","template":"","meta":{"footnotes":""},"class_list":["post-138","page","type-page","status-publish","hentry"],"_links":{"self":[{"href":"https:\/\/ccn-pale.org\/index.php\/wp-json\/wp\/v2\/pages\/138","targetHints":{"allow":["GET"]}}],"collection":[{"href":"https:\/\/ccn-pale.org\/index.php\/wp-json\/wp\/v2\/pages"}],"about":[{"href":"https:\/\/ccn-pale.org\/index.php\/wp-json\/wp\/v2\/types\/page"}],"author":[{"embeddable":true,"href":"https:\/\/ccn-pale.org\/index.php\/wp-json\/wp\/v2\/users\/1"}],"replies":[{"embeddable":true,"href":"https:\/\/ccn-pale.org\/index.php\/wp-json\/wp\/v2\/comments?post=138"}],"version-history":[{"count":12,"href":"https:\/\/ccn-pale.org\/index.php\/wp-json\/wp\/v2\/pages\/138\/revisions"}],"predecessor-version":[{"id":1159,"href":"https:\/\/ccn-pale.org\/index.php\/wp-json\/wp\/v2\/pages\/138\/revisions\/1159"}],"wp:attachment":[{"href":"https:\/\/ccn-pale.org\/index.php\/wp-json\/wp\/v2\/media?parent=138"}],"curies":[{"name":"wp","href":"https:\/\/api.w.org\/{rel}","templated":true}]}}