{"id":1000,"date":"2021-09-22T16:43:26","date_gmt":"2021-09-22T14:43:26","guid":{"rendered":"https:\/\/ccn-pale.org\/?page_id=1000"},"modified":"2022-11-03T12:38:11","modified_gmt":"2022-11-03T11:38:11","slug":"mode-demploi-danalyse-des-postes","status":"publish","type":"page","link":"https:\/\/ccn-pale.org\/index.php\/mode-demploi-danalyse-des-postes\/","title":{"rendered":"Mode d&#8217;emploi d&rsquo;analyse des postes"},"content":{"rendered":"\n<p class=\"has-text-align-center\"><strong>Industrie des produits alimentaires \u00e9labor\u00e9s<br>\u00c9valuation &#8211; Classification des postes<\/strong> <\/p>\n\n\n\n<p class=\"has-text-align-center has-small-font-size\"> <em>(Modifi\u00e9 en dernier lieu par l&rsquo;accord n\u00b0109 du 31 janvier 2018)<\/em><\/p>\n\n\n\n<p>L\u2019objectif de ce document est de pr\u00e9senter le mode d\u2019emploi d\u2019analyse des postes retenu pour appliquer les pr\u00e9sentes classifications des postes.<\/p>\n\n\n\n<p>Ce document doit permettre aux responsables du personnel ou \u00e0 toute autre personne charg\u00e9e de travailler sur les classifications de conduire dans son entreprise une \u00e9valuation des postes.<\/p>\n\n\n\n<p>Ce document est compos\u00e9 de&nbsp;:<\/p>\n\n\n\n<ol class=\"wp-block-list\" type=\"1\">\n<li>&nbsp;\u2013 <a href=\"https:\/\/ccn-pale.org\/wp-content\/uploads\/2021\/09\/1_Classif_Mode-demploi.pdf\" data-type=\"URL\" data-id=\"https:\/\/ccn-pale.org\/wp-content\/uploads\/2021\/09\/1_Classif_Mode-demploi.pdf\" target=\"_blank\" rel=\"noreferrer noopener\">Un mode d\u2019emploi&nbsp;<\/a><\/li>\n\n\n\n<li>&nbsp;\u2013 <a href=\"https:\/\/ccn-pale.org\/wp-content\/uploads\/2021\/09\/2-Classif_Guide_Entretin.pdf\" data-type=\"URL\" data-id=\"https:\/\/ccn-pale.org\/wp-content\/uploads\/2021\/09\/2-Classif_Guide_Entretin.pdf\" target=\"_blank\" rel=\"noreferrer noopener\">Un guide d\u2019entretien<\/a>&nbsp;<\/li>\n\n\n\n<li>&nbsp;\u2013 <a href=\"https:\/\/ccn-pale.org\/wp-content\/uploads\/2021\/09\/3_Classif_Fiche_Description.pdf\" data-type=\"URL\" data-id=\"https:\/\/ccn-pale.org\/wp-content\/uploads\/2021\/09\/3_Classif_Fiche_Description.pdf\" target=\"_blank\" rel=\"noreferrer noopener\">Une fiche de description de poste<\/a>&nbsp;<\/li>\n\n\n\n<li>&nbsp;\u2013<a href=\"https:\/\/ccn-pale.org\/wp-content\/uploads\/2021\/09\/4_Classif_Criteres.pdf\" data-type=\"URL\" data-id=\"https:\/\/ccn-pale.org\/wp-content\/uploads\/2021\/09\/4_Classif_Criteres.pdf\" target=\"_blank\" rel=\"noreferrer noopener\"> L\u2019\u00e9nonc\u00e9 des cinq crit\u00e8res qui serviront \u00e0 la classification<\/a><\/li>\n\n\n\n<li>&nbsp;\u2013 <a href=\"https:\/\/ccn-pale.org\/wp-content\/uploads\/2021\/09\/5_Classif_Exemple_Cotation.pdf\" data-type=\"URL\" data-id=\"https:\/\/ccn-pale.org\/wp-content\/uploads\/2021\/09\/5_Classif_Exemple_Cotation.pdf\" target=\"_blank\" rel=\"noreferrer noopener\">Un exemple de poste et de cotation<\/a><\/li>\n\n\n\n<li>\u00a0\u2013 <a href=\"https:\/\/ccn-pale.org\/wp-content\/uploads\/2022\/11\/6_Classif_Grille_Correspondance.pdf\" data-type=\"URL\" data-id=\"https:\/\/ccn-pale.org\/wp-content\/uploads\/2022\/11\/6_Classif_Grille_Correspondance.pdf\" target=\"_blank\" rel=\"noreferrer noopener\">Une grille de correspondance pour affecter un coefficient<\/a><\/li>\n\n\n\n<li><a rel=\"noreferrer noopener\" href=\"https:\/\/ccn-pale.org\/wp-content\/uploads\/2021\/09\/7_Classif_Exemple.pdf\" data-type=\"URL\" data-id=\"https:\/\/ccn-pale.org\/wp-content\/uploads\/2021\/09\/7_Classif_Exemple.pdf\" target=\"_blank\">Exemple de description de postes par niveau<\/a> <em>(Texte n&rsquo;ayant pas donn\u00e9 lieu \u00e0 accord paritaire)<\/em><\/li>\n<\/ol>\n","protected":false},"excerpt":{"rendered":"<p>Industrie des produits alimentaires \u00e9labor\u00e9s\u00c9valuation &#8211; Classification des postes (Modifi\u00e9 en dernier lieu par l&rsquo;accord n\u00b0109 du 31 janvier 2018) L\u2019objectif de ce document est de pr\u00e9senter le mode d\u2019emploi d\u2019analyse des postes retenu pour appliquer les pr\u00e9sentes classifications des postes. Ce document doit permettre &hellip; <\/p>\n","protected":false},"author":1,"featured_media":0,"parent":0,"menu_order":0,"comment_status":"closed","ping_status":"closed","template":"","meta":{"footnotes":""},"class_list":["post-1000","page","type-page","status-publish","hentry"],"_links":{"self":[{"href":"https:\/\/ccn-pale.org\/index.php\/wp-json\/wp\/v2\/pages\/1000","targetHints":{"allow":["GET"]}}],"collection":[{"href":"https:\/\/ccn-pale.org\/index.php\/wp-json\/wp\/v2\/pages"}],"about":[{"href":"https:\/\/ccn-pale.org\/index.php\/wp-json\/wp\/v2\/types\/page"}],"author":[{"embeddable":true,"href":"https:\/\/ccn-pale.org\/index.php\/wp-json\/wp\/v2\/users\/1"}],"replies":[{"embeddable":true,"href":"https:\/\/ccn-pale.org\/index.php\/wp-json\/wp\/v2\/comments?post=1000"}],"version-history":[{"count":5,"href":"https:\/\/ccn-pale.org\/index.php\/wp-json\/wp\/v2\/pages\/1000\/revisions"}],"predecessor-version":[{"id":1117,"href":"https:\/\/ccn-pale.org\/index.php\/wp-json\/wp\/v2\/pages\/1000\/revisions\/1117"}],"wp:attachment":[{"href":"https:\/\/ccn-pale.org\/index.php\/wp-json\/wp\/v2\/media?parent=1000"}],"curies":[{"name":"wp","href":"https:\/\/api.w.org\/{rel}","templated":true}]}}